 344931?
False
Is 36 a factor of 184421?
False
Is 14 a factor of 638750?
True
Is 599356 a multiple of 61?
False
Is 5 a factor of 491358?
False
Does 169 divide 294437?
False
Is 258 a factor of 1056252?
True
Is 62 a factor of 293723?
False
Does 14 divide 66584?
True
Is 587 a factor of 5152099?
True
Does 306 divide 638316?
True
Is 4 a factor of 7692?
True
Is 371441 a multiple of 1129?
True
Does 62 divide 224870?
False
Is 52 a factor of 171576?
False
Is 69240 a multiple of 16?
False
Does 145 divide 3783104?
False
Does 2 divide 120720?
True
Is 189552 a multiple of 16?
True
Does 93 divide 85967?
False
Is 563 a factor of 1241978?
True
Does 72 divide 49522?
False
Is 6752016 a multiple of 36?
True
Does 249 divide 482205?
False
Is 73 a factor of 4828950?
True
Is 1492610 a multiple of 7?
True
Does 284 divide 4434092?
True
Is 35 a factor of 4108442?
False
Is 299988 a multiple of 117?
True
Is 114 a factor of 4423613?
False
Does 108 divide 139320?
True
Does 62 divide 528488?
True
Is 352305 a multiple of 156?
False
Does 27 divide 4602285?
True
Is 97856 a multiple of 96?
False
Is 31571 a multiple of 131?
True
Does 5 divide 2382155?
True
Is 19867797 a multiple of 2313?
False
Is 1115123 a multiple of 14?
False
Does 47 divide 424146?
False
Is 903365 a multiple of 383?
False
Is 173 a factor of 645636?
True
Does 220 divide 175963?
False
Is 20 a factor of 1110856?
False
Is 51167 a multiple of 4?
False
Is 7 a factor of 153194?
False
Does 543 divide 770336?
False
Does 15 divide 1587960?
True
Does 1229 divide 11879110?
False
Is 21 a factor of 310233?
True
Does 400 divide 220800?
True
Is 32 a factor of 632032?
True
Does 42 divide 757657?
False
Is 35 a factor of 671195?
True
Does 202 divide 2512951?
False
Does 12 divide 20076?
True
Is 84742 a multiple of 73?
False
Does 125 divide 13625?
True
Is 156 a factor of 76284?
True
Is 13 a factor of 257282?
False
Is 2 a factor of 17181?
False
Is 2308797 a multiple of 9?
True
Does 31 divide 1443312?
False
Is 206425 a multiple of 25?
True
Is 117 a factor of 94887?
True
Does 30 divide 43419420?
True
Does 168 divide 253848?
True
Is 148 a factor of 741849?
False
Does 100 divide 600310?
False
Does 142 divide 248358?
True
Does 7 divide 141757?
True
Is 89 a factor of 92849?
False
Is 607 a factor of 9787606?
False
Is 1601453 a multiple of 14?
False
Is 19 a factor of 154318?
True
Is 22 a factor of 45749?
False
Is 16163253 a multiple of 1269?
True
Is 73 a factor of 60483?
False
Is 54 a factor of 8703310?
False
Is 19386 a multiple of 54?
True
Does 202 divide 87264?
True
Is 895 a factor of 2444245?
True
Is 92649 a multiple of 89?
True
Does 17 divide 174250?
True
Is 378336 a multiple of 94?
False
Is 6728606 a multiple of 46?
False
Does 87 divide 501816?
True
Is 4 a factor of 572260?
True
Does 224 divide 167776?
True
Does 105 divide 207047?
False
Is 31 a factor of 144491?
True
Does 103 divide 17171017?
False
Is 107 a factor of 6033730?
True
Is 2744843 a multiple of 417?
False
Is 26288 a multiple of 62?
True
Is 215534 a multiple of 97?
True
Does 8 divide 633024?
True
Is 143466 a multiple of 85?
False
Does 303 divide 498170?
False
Is 1142276 a multiple of 78?
False
Is 181 a factor of 404005?
False
Does 9 divide 6112?
False
Is 2351015 a multiple of 17?
True
Does 10 divide 296190?
True
Is 175981 a multiple of 13?
True
Is 145 a factor of 114651?
False
Is 37 a factor of 396598?
False
Does 16 divide 65040?
True
Does 37 divide 130610?
True
Is 88 a factor of 6932728?
True
Is 336 a factor of 130497?
False
Does 1035 divide 745200?
True
Is 47 a factor of 7548153?
True
Is 3 a factor of 5151?
True
Does 40 divide 140840?
True
Is 43 a factor of 785249?
False
Does 8 divide 84932?
False
Does 405 divide 122310?
True
Does 60 divide 1690920?
True
Does 31 divide 261872?
False
Is 559843 a multiple of 24?
False
Does 115 divide 2133480?
True
Is 8 a factor of 66814?
False
Is 142 a factor of 31793374?
True
Is 42 a factor of 85344?
True
Does 330 divide 909367?
False
Is 10263232 a multiple of 739?
True
Does 4 divide 48544?
True
Is 3 a factor of 3250?
False
Is 257918 a multiple of 146?
False
Does 80 divide 190640?
True
Is 24 a factor of 1425000?
True
Is 2776396 a multiple of 1732?
True
Does 9 divide 157671?
True
Is 94 a factor of 325240?
True
Does 712 divide 10956968?
True
Does 35 divide 1920034?
False
Is 696140 a multiple of 10?
True
Is 4681752 a multiple of 228?
True
Is 2020650 a multiple of 75?
True
Does 25 divide 68875?
True
Does 13 divide 5818388?
False
Does 874 divide 12857855?
False
Is 51552 a multiple of 10?
False
Is 147430 a multiple of 8?
False
Is 337 a factor of 150596?
False
Is 863555 a multiple of 23?
False
Is 37 a factor of 3011985?
True
Is 5 a factor of 180757?
False
Is 84 a factor of 16780428?
True
Is 253 a factor of 55660?
True
Does 9 divide 98280?
True
Is 11 a factor of 139304?
True
Is 548 a factor of 148636?
False
Does 499 divide 1885182?
False
Is 231048 a multiple of 12?
True
Does 49 divide 2422188?
False
Is 35 a factor of 563389?
False
Does 90 divide 37355?
False
Is 23 a factor of 545057?
False
Is 25 a factor of 1161037?
False
Is 3 a factor of 3191391?
True
Does 665 divide 107065?
True
Does 207 divide 339314?
False
Is 1057 a factor of 300188?
True
Is 17 a factor of 82656?
False
Does 85 divide 81345?
True
Is 99 a factor of 153351?
True
Does 487 divide 22086911?
True
Is 72 a factor of 39600?
True
Is 18 a factor of 41490?
True
Is 2081730 a multiple of 862?
True
Is 5561340 a multiple of 15?
True
Does 1259 divide 7115868?
True
Is 60606 a multiple of 21?
True
Is 23 a factor of 6669927?
False
Is 264061 a multiple of 131?
False
Does 15 divide 334619?
False
Is 46 a factor of 300886?
True
Does 7 divide 8492000?
False
Does 4 divide 968473?
False
Is 14864894 a multiple of 234?
False
Is 16 a factor of 12343408?
True
Is 18 a factor of 17429436?
True
Is 73 a factor of 134174?
True
Is 36 a factor of 63756?
True
Is 1450760 a multiple of 40?
True
Does 17 divide 67082?
True
Does 45 divide 3358473?
False
Is 115 a factor of 2063526?
False
Is 52 a factor of 264951?
False
Is 9 a factor of 241254?
True
Does 15 divide 88305?
True
Is 139 a factor of 1200718?
False
Is 6976467 a multiple of 1517?
False
Does 63 divide 1617792?
False
Is 2459381 a multiple of 546?
False
Is 24 a factor of 1005359?
False
Is 28 a factor of 68624?
False
Is 100 a factor of 331101?
False
Is 9 a factor of 963974?
False
Does 262 divide 184710?
True
Does 245 divide 570293?
False
Is 1164 a factor of 253869?
False
Is 22 a factor of 13860?
True
Is 152439 a multiple of 3?
True
Is 184 a factor of 2596056?
True
Is 1070240 a multiple of 8?
True
Does 423 divide 148050?
True
Does 47 divide 46890?
False
Is 491 a factor of 1760540?
False
Is 104 a factor of 45518?
False
Does 33 divide 63739?
False
Is 26 a factor of 14486634?
False
Does 742 divide 5425448?
False
Is 68 a factor of 194412?
True
Does 75 divide 297077?
False
Is 447125 a multiple of 511?
True
Is 510 a factor of 9695100?
True
Is 60 a factor of 1270655?
False
Does 7 divide 163737?
True
Is 1253715 a multiple of 42?
False
Does 4 divide 918796?
True
Does 4 divide 48641?
False
Is 4003725 a multiple of 1055?
True
Is 26 a factor of 806635?
False
Is 4642329 a multiple of 4?
False
Does 231 divide 47124?
True
Does 8 divide 543032?
True
Is 267 a factor of 166670?
False
Is 3196 a multiple of 6?
False
Is 5 a factor of 25593?
False
Does 10 divide 17471?
False
Is 23 a factor of 3226056?
False
Is 51 a factor of 4100451?
True
Is 574837 a multiple of 426?
False
Does 73 divide 303096?
True
Is 46 a factor of 36340?
True
Is 426717 a multiple of 47?
False
Is 251389 a multiple of 101?
True
Does 132 divide 525360?
True
Is 4 a factor of 681348?
True
Is 288558 a multiple of 18?
True
Is 217 a factor of 92974?
False
Does 11 divide 107369?
False
Does 103 divide 180250?
True
Is 27 a factor of 407241?
True
Is 1130 a factor of 440861?
False
Is 208916 a multiple of 25?
False
Is 37582 a multiple of 67?
False
Is 34 a factor of 209236?
True
Is 168 a factor of 416640?
True
Is 27664274 a multiple of 118?
True
Is 5 a factor of 857593?
False
Is 3 a factor of 297774?
True
Is 124147 a multiple of 6?
False
Does 26 divide 11813906?
True
Does 192 divide 69858?
False
Does 191 divide 100848?
True
Does 63 divide 224677?
False
Does 15 divide 2269625?
False
Is 302945 a multiple of 67?
False
Is 2471029 a m